{"id":819,"date":"2024-09-17T11:46:29","date_gmt":"2024-09-17T09:46:29","guid":{"rendered":"https:\/\/artymori.com\/?page_id=819"},"modified":"2024-09-17T12:23:43","modified_gmt":"2024-09-17T10:23:43","slug":"fresque-le-voyage-a-nantes-2","status":"publish","type":"page","link":"https:\/\/artymori.com\/index.php\/fresque-le-voyage-a-nantes-2\/","title":{"rendered":"Fresque le voyage \u00e0 nantes 2"},"content":{"rendered":"\n<h3 class=\"wp-block-heading has-text-align-left has-text-color has-link-color wp-elements-d9ff2aeb11b52f2d84e64f6c19060cf1\" style=\"color:#b5a59b\">Le Voyage \u00e0 Nantes 2<\/h3>\n\n\n\n<p>Fresque r\u00e9alis\u00e9e \u00e0 l&rsquo;acrylique sur triptyque pour l&rsquo;Insula de Nantes<\/p>\n\n\n\n<figure class=\"wp-block-image size-large is-resized\"><img fetchpriority=\"high\" decoding=\"async\" width=\"1024\" height=\"762\" src=\"http:\/\/artymori.com\/wp-content\/uploads\/2024\/08\/mural-insula-1-1024x762.jpg\" alt=\"\" class=\"wp-image-481\" style=\"width:797px;height:auto\" srcset=\"https:\/\/artymori.com\/wp-content\/uploads\/2024\/08\/mural-insula-1-1024x762.jpg 1024w, https:\/\/artymori.com\/wp-content\/uploads\/2024\/08\/mural-insula-1-300x223.jpg 300w, https:\/\/artymori.com\/wp-content\/uploads\/2024\/08\/mural-insula-1-768x571.jpg 768w, https:\/\/artymori.com\/wp-content\/uploads\/2024\/08\/mural-insula-1-1536x1143.jpg 1536w, https:\/\/artymori.com\/wp-content\/uploads\/2024\/08\/mural-insula-1-2048x1524.jpg 2048w\" sizes=\"(max-width: 1024px) 100vw, 1024px\" \/><\/figure>\n\n\n\n<figure class=\"wp-block-image size-large\"><img decoding=\"async\" width=\"1024\" height=\"1017\" src=\"https:\/\/artymori.com\/wp-content\/uploads\/2024\/09\/mural-insula-4-1024x1017.jpg\" alt=\"\" class=\"wp-image-823\" srcset=\"https:\/\/artymori.com\/wp-content\/uploads\/2024\/09\/mural-insula-4-1024x1017.jpg 1024w, https:\/\/artymori.com\/wp-content\/uploads\/2024\/09\/mural-insula-4-300x298.jpg 300w, https:\/\/artymori.com\/wp-content\/uploads\/2024\/09\/mural-insula-4-150x150.jpg 150w, https:\/\/artymori.com\/wp-content\/uploads\/2024\/09\/mural-insula-4-768x763.jpg 768w, https:\/\/artymori.com\/wp-content\/uploads\/2024\/09\/mural-insula-4-1536x1525.jpg 1536w, https:\/\/artymori.com\/wp-content\/uploads\/2024\/09\/mural-insula-4-2048x2034.jpg 2048w\" sizes=\"(max-width: 1024px) 100vw, 1024px\" \/><\/figure>\n\n\n\n<figure class=\"wp-block-image size-large\"><img decoding=\"async\" width=\"802\" height=\"1024\" src=\"https:\/\/artymori.com\/wp-content\/uploads\/2024\/09\/mural-insula-3-802x1024.jpg\" alt=\"\" class=\"wp-image-824\" srcset=\"https:\/\/artymori.com\/wp-content\/uploads\/2024\/09\/mural-insula-3-802x1024.jpg 802w, https:\/\/artymori.com\/wp-content\/uploads\/2024\/09\/mural-insula-3-235x300.jpg 235w, https:\/\/artymori.com\/wp-content\/uploads\/2024\/09\/mural-insula-3-768x980.jpg 768w, https:\/\/artymori.com\/wp-content\/uploads\/2024\/09\/mural-insula-3-1203x1536.jpg 1203w, https:\/\/artymori.com\/wp-content\/uploads\/2024\/09\/mural-insula-3-1604x2048.jpg 1604w, https:\/\/artymori.com\/wp-content\/uploads\/2024\/09\/mural-insula-3-scaled.jpg 2005w\" sizes=\"(max-width: 802px) 100vw, 802px\" \/><\/figure>\n\n\n\n<figure class=\"wp-block-image size-large\"><img loading=\"lazy\" decoding=\"async\" width=\"822\" height=\"1024\" src=\"https:\/\/artymori.com\/wp-content\/uploads\/2024\/09\/mural-insula-5-822x1024.jpg\" alt=\"\" class=\"wp-image-825\" srcset=\"https:\/\/artymori.com\/wp-content\/uploads\/2024\/09\/mural-insula-5-822x1024.jpg 822w, https:\/\/artymori.com\/wp-content\/uploads\/2024\/09\/mural-insula-5-241x300.jpg 241w, https:\/\/artymori.com\/wp-content\/uploads\/2024\/09\/mural-insula-5-768x957.jpg 768w, https:\/\/artymori.com\/wp-content\/uploads\/2024\/09\/mural-insula-5-1233x1536.jpg 1233w, https:\/\/artymori.com\/wp-content\/uploads\/2024\/09\/mural-insula-5-1644x2048.jpg 1644w\" sizes=\"(max-width: 822px) 100vw, 822px\" \/><\/figure>\n\n\n\n<figure class=\"wp-block-image size-large\"><img loading=\"lazy\" decoding=\"async\" width=\"1022\" height=\"1024\" src=\"http:\/\/artymori.com\/wp-content\/uploads\/2024\/08\/mural-insula-2-1022x1024.jpg\" alt=\"\" class=\"wp-image-482\" srcset=\"https:\/\/artymori.com\/wp-content\/uploads\/2024\/08\/mural-insula-2-1022x1024.jpg 1022w, https:\/\/artymori.com\/wp-content\/uploads\/2024\/08\/mural-insula-2-300x300.jpg 300w, https:\/\/artymori.com\/wp-content\/uploads\/2024\/08\/mural-insula-2-150x150.jpg 150w, https:\/\/artymori.com\/wp-content\/uploads\/2024\/08\/mural-insula-2-768x770.jpg 768w, https:\/\/artymori.com\/wp-content\/uploads\/2024\/08\/mural-insula-2-1533x1536.jpg 1533w, https:\/\/artymori.com\/wp-content\/uploads\/2024\/08\/mural-insula-2-2044x2048.jpg 2044w\" sizes=\"(max-width: 1022px) 100vw, 1022px\" \/><\/figure>\n\n\n\n<p>.<\/p>\n\n\n\n<div class=\"wp-block-buttons is-layout-flex wp-block-buttons-is-layout-flex\">\n<div class=\"wp-block-button is-style-outline is-style-outline--1\"><a class=\"wp-block-button__link wp-element-button\" href=\"https:\/\/artymori.com\/index.php\/mural\/\">+ de mural<\/a><\/div>\n<\/div>\n\n\n\n<p>.<\/p>\n\n\n\n<div class=\"wp-block-cover alignfull is-light\" style=\"margin-top:0;padding-top:6vw;padding-right:6vw;padding-bottom:6vw;padding-left:6vw\"><span aria-hidden=\"true\" class=\"wp-block-cover__background has-background-dim-100 has-background-dim\" style=\"background-color:#e6e4d3\"><\/span><div class=\"wp-block-cover__inner-container is-layout-flow wp-block-cover-is-layout-flow\">\n<div class=\"wp-block-group is-content-justification-center is-layout-flex wp-container-core-group-is-layout-82565499 wp-block-group-is-layout-flex\">\n<div class=\"wp-block-group alignwide wp-container-content-ceb7f5b3 has-global-padding is-content-justification-left is-layout-constrained wp-container-core-group-is-layout-852f5fc7 wp-block-group-is-layout-constrained\">\n<h2 class=\"wp-block-heading alignwide has-text-align-left has-text-color\" style=\"color:#fdfdfd;font-size:clamp(48.588px, 3.037rem + ((1vw - 3.2px) * 5.388), 96px);font-style:normal;font-weight:500;line-height:0.9;text-transform:none\">Take a time to dream&#8230;<\/h2>\n\n\n\n<div style=\"height:24px\" aria-hidden=\"true\" class=\"wp-block-spacer\"><\/div>\n\n\n\n<p class=\"has-text-align-left has-contrast-color has-text-color\"><br>Si vous souhaitez collaborer avec moi, vous pouvez me contacter sur artymori.art(at)gmail.com , +33 781 80 74 17 ou en cliquant sur le bouton ci-dessous:<\/p>\n\n\n\n<div style=\"height:60px\" aria-hidden=\"true\" class=\"wp-block-spacer\"><\/div>\n\n\n\n<div class=\"wp-block-buttons is-content-justification-left is-nowrap is-layout-flex wp-container-core-buttons-is-layout-92e17da2 wp-block-buttons-is-layout-flex\">\n<div class=\"wp-block-button has-custom-font-size is-style-fill\" style=\"font-size:clamp(14px, 0.875rem + ((1vw - 3.2px) * 0.227), 16px);font-style:normal;font-weight:500;letter-spacing:0px;text-transform:uppercase\"><a class=\"wp-block-button__link has-base-color has-contrast-background-color has-text-color has-background wp-element-button\" href=\"https:\/\/artymori.com\/index.php\/contact\/\" style=\"border-radius:0px;padding-top:24px;padding-right:48px;padding-bottom:24px;padding-left:48px\">Sign up<\/a><\/div>\n<\/div>\n<\/div>\n\n\n\n<div class=\"wp-block-group is-content-justification-right is-nowrap is-layout-flex wp-container-core-group-is-layout-59a2d94b wp-block-group-is-layout-flex\">\n<div class=\"wp-block-buttons is-layout-flex wp-block-buttons-is-layout-flex\">\n<div class=\"wp-block-button is-style-outline is-style-outline--2\"><a class=\"wp-block-button__link wp-element-button\" href=\"https:\/\/artymori.com\/index.php\/info\/\">bio<\/a><\/div>\n<\/div>\n<\/div>\n<\/div>\n<\/div><\/div>\n","protected":false},"excerpt":{"rendered":"<p>Le Voyage \u00e0 Nantes 2 Fresque r\u00e9alis\u00e9e \u00e0 l&rsquo;acrylique sur triptyque pour l&rsquo;Insula de Nantes . .<\/p>\n","protected":false},"author":1,"featured_media":0,"parent":0,"menu_order":0,"comment_status":"closed","ping_status":"closed","template":"","meta":{"footnotes":""},"class_list":["post-819","page","type-page","status-publish","hentry"],"yoast_head":"<!-- This site is optimized with the Yoast SEO plugin v27.4 - https:\/\/yoast.com\/product\/yoast-seo-wordpress\/ -->\n<title>Fresque le voyage \u00e0 nantes 2 -<\/title>\n<meta name=\"robots\" content=\"index, follow, max-snippet:-1, max-image-preview:large, max-video-preview:-1\" \/>\n<link rel=\"canonical\" href=\"https:\/\/artymori.com\/index.php\/fresque-le-voyage-a-nantes-2\/\" \/>\n<meta property=\"og:locale\" content=\"fr_FR\" \/>\n<meta property=\"og:type\" content=\"article\" \/>\n<meta property=\"og:title\" content=\"Fresque le voyage \u00e0 nantes 2 -\" \/>\n<meta property=\"og:description\" content=\"Le Voyage \u00e0 Nantes 2 Fresque r\u00e9alis\u00e9e \u00e0 l&rsquo;acrylique sur triptyque pour l&rsquo;Insula de Nantes . .\" \/>\n<meta property=\"og:url\" content=\"https:\/\/artymori.com\/index.php\/fresque-le-voyage-a-nantes-2\/\" \/>\n<meta property=\"article:modified_time\" content=\"2024-09-17T10:23:43+00:00\" \/>\n<meta property=\"og:image\" content=\"http:\/\/artymori.com\/wp-content\/uploads\/2024\/08\/mural-insula-1-1024x762.jpg\" \/>\n<meta name=\"twitter:card\" content=\"summary_large_image\" \/>\n<script type=\"application\/ld+json\" class=\"yoast-schema-graph\">{\"@context\":\"https:\\\/\\\/schema.org\",\"@graph\":[{\"@type\":\"WebPage\",\"@id\":\"https:\\\/\\\/artymori.com\\\/index.php\\\/fresque-le-voyage-a-nantes-2\\\/\",\"url\":\"https:\\\/\\\/artymori.com\\\/index.php\\\/fresque-le-voyage-a-nantes-2\\\/\",\"name\":\"Fresque le voyage \u00e0 nantes 2 -\",\"isPartOf\":{\"@id\":\"https:\\\/\\\/artymori.com\\\/#website\"},\"primaryImageOfPage\":{\"@id\":\"https:\\\/\\\/artymori.com\\\/index.php\\\/fresque-le-voyage-a-nantes-2\\\/#primaryimage\"},\"image\":{\"@id\":\"https:\\\/\\\/artymori.com\\\/index.php\\\/fresque-le-voyage-a-nantes-2\\\/#primaryimage\"},\"thumbnailUrl\":\"http:\\\/\\\/artymori.com\\\/wp-content\\\/uploads\\\/2024\\\/08\\\/mural-insula-1-1024x762.jpg\",\"datePublished\":\"2024-09-17T09:46:29+00:00\",\"dateModified\":\"2024-09-17T10:23:43+00:00\",\"breadcrumb\":{\"@id\":\"https:\\\/\\\/artymori.com\\\/index.php\\\/fresque-le-voyage-a-nantes-2\\\/#breadcrumb\"},\"inLanguage\":\"fr-FR\",\"potentialAction\":[{\"@type\":\"ReadAction\",\"target\":[\"https:\\\/\\\/artymori.com\\\/index.php\\\/fresque-le-voyage-a-nantes-2\\\/\"]}]},{\"@type\":\"ImageObject\",\"inLanguage\":\"fr-FR\",\"@id\":\"https:\\\/\\\/artymori.com\\\/index.php\\\/fresque-le-voyage-a-nantes-2\\\/#primaryimage\",\"url\":\"https:\\\/\\\/artymori.com\\\/wp-content\\\/uploads\\\/2024\\\/08\\\/mural-insula-1.jpg\",\"contentUrl\":\"https:\\\/\\\/artymori.com\\\/wp-content\\\/uploads\\\/2024\\\/08\\\/mural-insula-1.jpg\",\"width\":2470,\"height\":1838},{\"@type\":\"BreadcrumbList\",\"@id\":\"https:\\\/\\\/artymori.com\\\/index.php\\\/fresque-le-voyage-a-nantes-2\\\/#breadcrumb\",\"itemListElement\":[{\"@type\":\"ListItem\",\"position\":1,\"name\":\"Accueil\",\"item\":\"https:\\\/\\\/artymori.com\\\/\"},{\"@type\":\"ListItem\",\"position\":2,\"name\":\"Fresque le voyage \u00e0 nantes 2\"}]},{\"@type\":\"WebSite\",\"@id\":\"https:\\\/\\\/artymori.com\\\/#website\",\"url\":\"https:\\\/\\\/artymori.com\\\/\",\"name\":\"artymori\",\"description\":\"\",\"publisher\":{\"@id\":\"https:\\\/\\\/artymori.com\\\/#\\\/schema\\\/person\\\/4edc9864c875509e3e5cc3c0d5c4296c\"},\"potentialAction\":[{\"@type\":\"SearchAction\",\"target\":{\"@type\":\"EntryPoint\",\"urlTemplate\":\"https:\\\/\\\/artymori.com\\\/?s={search_term_string}\"},\"query-input\":{\"@type\":\"PropertyValueSpecification\",\"valueRequired\":true,\"valueName\":\"search_term_string\"}}],\"inLanguage\":\"fr-FR\"},{\"@type\":[\"Person\",\"Organization\"],\"@id\":\"https:\\\/\\\/artymori.com\\\/#\\\/schema\\\/person\\\/4edc9864c875509e3e5cc3c0d5c4296c\",\"name\":\"admin8128\",\"image\":{\"@type\":\"ImageObject\",\"inLanguage\":\"fr-FR\",\"@id\":\"http:\\\/\\\/artymori.com\\\/wp-content\\\/uploads\\\/2024\\\/05\\\/cropped-image_2024-05-30_231351508.png\",\"url\":\"http:\\\/\\\/artymori.com\\\/wp-content\\\/uploads\\\/2024\\\/05\\\/cropped-image_2024-05-30_231351508.png\",\"contentUrl\":\"http:\\\/\\\/artymori.com\\\/wp-content\\\/uploads\\\/2024\\\/05\\\/cropped-image_2024-05-30_231351508.png\",\"width\":512,\"height\":512,\"caption\":\"admin8128\"},\"logo\":{\"@id\":\"http:\\\/\\\/artymori.com\\\/wp-content\\\/uploads\\\/2024\\\/05\\\/cropped-image_2024-05-30_231351508.png\"},\"sameAs\":[\"http:\\\/\\\/artymori.com\"]}]}<\/script>\n<!-- \/ Yoast SEO plugin. -->","yoast_head_json":{"title":"Fresque le voyage \u00e0 nantes 2 -","robots":{"index":"index","follow":"follow","max-snippet":"max-snippet:-1","max-image-preview":"max-image-preview:large","max-video-preview":"max-video-preview:-1"},"canonical":"https:\/\/artymori.com\/index.php\/fresque-le-voyage-a-nantes-2\/","og_locale":"fr_FR","og_type":"article","og_title":"Fresque le voyage \u00e0 nantes 2 -","og_description":"Le Voyage \u00e0 Nantes 2 Fresque r\u00e9alis\u00e9e \u00e0 l&rsquo;acrylique sur triptyque pour l&rsquo;Insula de Nantes . .","og_url":"https:\/\/artymori.com\/index.php\/fresque-le-voyage-a-nantes-2\/","article_modified_time":"2024-09-17T10:23:43+00:00","og_image":[{"url":"http:\/\/artymori.com\/wp-content\/uploads\/2024\/08\/mural-insula-1-1024x762.jpg","type":"","width":"","height":""}],"twitter_card":"summary_large_image","schema":{"@context":"https:\/\/schema.org","@graph":[{"@type":"WebPage","@id":"https:\/\/artymori.com\/index.php\/fresque-le-voyage-a-nantes-2\/","url":"https:\/\/artymori.com\/index.php\/fresque-le-voyage-a-nantes-2\/","name":"Fresque le voyage \u00e0 nantes 2 -","isPartOf":{"@id":"https:\/\/artymori.com\/#website"},"primaryImageOfPage":{"@id":"https:\/\/artymori.com\/index.php\/fresque-le-voyage-a-nantes-2\/#primaryimage"},"image":{"@id":"https:\/\/artymori.com\/index.php\/fresque-le-voyage-a-nantes-2\/#primaryimage"},"thumbnailUrl":"http:\/\/artymori.com\/wp-content\/uploads\/2024\/08\/mural-insula-1-1024x762.jpg","datePublished":"2024-09-17T09:46:29+00:00","dateModified":"2024-09-17T10:23:43+00:00","breadcrumb":{"@id":"https:\/\/artymori.com\/index.php\/fresque-le-voyage-a-nantes-2\/#breadcrumb"},"inLanguage":"fr-FR","potentialAction":[{"@type":"ReadAction","target":["https:\/\/artymori.com\/index.php\/fresque-le-voyage-a-nantes-2\/"]}]},{"@type":"ImageObject","inLanguage":"fr-FR","@id":"https:\/\/artymori.com\/index.php\/fresque-le-voyage-a-nantes-2\/#primaryimage","url":"https:\/\/artymori.com\/wp-content\/uploads\/2024\/08\/mural-insula-1.jpg","contentUrl":"https:\/\/artymori.com\/wp-content\/uploads\/2024\/08\/mural-insula-1.jpg","width":2470,"height":1838},{"@type":"BreadcrumbList","@id":"https:\/\/artymori.com\/index.php\/fresque-le-voyage-a-nantes-2\/#breadcrumb","itemListElement":[{"@type":"ListItem","position":1,"name":"Accueil","item":"https:\/\/artymori.com\/"},{"@type":"ListItem","position":2,"name":"Fresque le voyage \u00e0 nantes 2"}]},{"@type":"WebSite","@id":"https:\/\/artymori.com\/#website","url":"https:\/\/artymori.com\/","name":"artymori","description":"","publisher":{"@id":"https:\/\/artymori.com\/#\/schema\/person\/4edc9864c875509e3e5cc3c0d5c4296c"},"potentialAction":[{"@type":"SearchAction","target":{"@type":"EntryPoint","urlTemplate":"https:\/\/artymori.com\/?s={search_term_string}"},"query-input":{"@type":"PropertyValueSpecification","valueRequired":true,"valueName":"search_term_string"}}],"inLanguage":"fr-FR"},{"@type":["Person","Organization"],"@id":"https:\/\/artymori.com\/#\/schema\/person\/4edc9864c875509e3e5cc3c0d5c4296c","name":"admin8128","image":{"@type":"ImageObject","inLanguage":"fr-FR","@id":"http:\/\/artymori.com\/wp-content\/uploads\/2024\/05\/cropped-image_2024-05-30_231351508.png","url":"http:\/\/artymori.com\/wp-content\/uploads\/2024\/05\/cropped-image_2024-05-30_231351508.png","contentUrl":"http:\/\/artymori.com\/wp-content\/uploads\/2024\/05\/cropped-image_2024-05-30_231351508.png","width":512,"height":512,"caption":"admin8128"},"logo":{"@id":"http:\/\/artymori.com\/wp-content\/uploads\/2024\/05\/cropped-image_2024-05-30_231351508.png"},"sameAs":["http:\/\/artymori.com"]}]}},"_links":{"self":[{"href":"https:\/\/artymori.com\/index.php\/wp-json\/wp\/v2\/pages\/819","targetHints":{"allow":["GET"]}}],"collection":[{"href":"https:\/\/artymori.com\/index.php\/wp-json\/wp\/v2\/pages"}],"about":[{"href":"https:\/\/artymori.com\/index.php\/wp-json\/wp\/v2\/types\/page"}],"author":[{"embeddable":true,"href":"https:\/\/artymori.com\/index.php\/wp-json\/wp\/v2\/users\/1"}],"replies":[{"embeddable":true,"href":"https:\/\/artymori.com\/index.php\/wp-json\/wp\/v2\/comments?post=819"}],"version-history":[{"count":8,"href":"https:\/\/artymori.com\/index.php\/wp-json\/wp\/v2\/pages\/819\/revisions"}],"predecessor-version":[{"id":852,"href":"https:\/\/artymori.com\/index.php\/wp-json\/wp\/v2\/pages\/819\/revisions\/852"}],"wp:attachment":[{"href":"https:\/\/artymori.com\/index.php\/wp-json\/wp\/v2\/media?parent=819"}],"curies":[{"name":"wp","href":"https:\/\/api.w.org\/{rel}","templated":true}]}}