{"id":629,"date":"2024-09-16T18:50:28","date_gmt":"2024-09-16T16:50:28","guid":{"rendered":"https:\/\/artymori.com\/?page_id=629"},"modified":"2024-09-17T12:26:36","modified_gmt":"2024-09-17T10:26:36","slug":"fresque-magnolia","status":"publish","type":"page","link":"https:\/\/artymori.com\/index.php\/fresque-magnolia\/","title":{"rendered":"Fresque cuisine et keratine"},"content":{"rendered":"\n<h3 class=\"wp-block-heading has-text-color has-link-color wp-elements-712b62c78682a42b68e4c38f5235ec03\" style=\"color:#b5a59b\">\u00ab\u00a0Plantes Tinctoriales\u00a0\u00bb<\/h3>\n\n\n\n<p>Dans un salon de coiffure de coloration v\u00e9g\u00e9tale <em>Cuisine&amp;K\u00e9ratine<\/em>, \u00e0 Nantes, France<\/p>\n\n\n\n<figure class=\"wp-block-image size-large is-resized\"><img fetchpriority=\"high\" decoding=\"async\" width=\"1024\" height=\"678\" src=\"https:\/\/artymori.com\/wp-content\/uploads\/2024\/09\/DSC0037-1024x678.jpg\" alt=\"\" class=\"wp-image-709\" style=\"width:947px;height:auto\" srcset=\"https:\/\/artymori.com\/wp-content\/uploads\/2024\/09\/DSC0037-1024x678.jpg 1024w, https:\/\/artymori.com\/wp-content\/uploads\/2024\/09\/DSC0037-300x199.jpg 300w, https:\/\/artymori.com\/wp-content\/uploads\/2024\/09\/DSC0037-768x509.jpg 768w, https:\/\/artymori.com\/wp-content\/uploads\/2024\/09\/DSC0037-1536x1017.jpg 1536w, https:\/\/artymori.com\/wp-content\/uploads\/2024\/09\/DSC0037-2048x1356.jpg 2048w\" sizes=\"(max-width: 1024px) 100vw, 1024px\" \/><\/figure>\n\n\n\n<figure class=\"wp-block-image size-large is-resized\"><img decoding=\"async\" width=\"1024\" height=\"678\" src=\"http:\/\/artymori.com\/wp-content\/uploads\/2024\/09\/DSC0062-1024x678.jpg\" alt=\"\" class=\"wp-image-708\" style=\"width:945px;height:auto\" srcset=\"https:\/\/artymori.com\/wp-content\/uploads\/2024\/09\/DSC0062-1024x678.jpg 1024w, https:\/\/artymori.com\/wp-content\/uploads\/2024\/09\/DSC0062-300x199.jpg 300w, https:\/\/artymori.com\/wp-content\/uploads\/2024\/09\/DSC0062-768x509.jpg 768w, https:\/\/artymori.com\/wp-content\/uploads\/2024\/09\/DSC0062-1536x1017.jpg 1536w, https:\/\/artymori.com\/wp-content\/uploads\/2024\/09\/DSC0062-2048x1356.jpg 2048w\" sizes=\"(max-width: 1024px) 100vw, 1024px\" \/><\/figure>\n\n\n\n<figure class=\"wp-block-image size-large is-resized\"><img decoding=\"async\" width=\"1024\" height=\"678\" src=\"https:\/\/artymori.com\/wp-content\/uploads\/2024\/09\/DSC0024-1024x678.jpg\" alt=\"\" class=\"wp-image-713\" style=\"width:949px;height:auto\" srcset=\"https:\/\/artymori.com\/wp-content\/uploads\/2024\/09\/DSC0024-1024x678.jpg 1024w, https:\/\/artymori.com\/wp-content\/uploads\/2024\/09\/DSC0024-300x199.jpg 300w, https:\/\/artymori.com\/wp-content\/uploads\/2024\/09\/DSC0024-768x509.jpg 768w, https:\/\/artymori.com\/wp-content\/uploads\/2024\/09\/DSC0024-1536x1017.jpg 1536w, https:\/\/artymori.com\/wp-content\/uploads\/2024\/09\/DSC0024-2048x1356.jpg 2048w\" sizes=\"(max-width: 1024px) 100vw, 1024px\" \/><\/figure>\n\n\n\n<figure class=\"wp-block-image size-large is-resized\"><img loading=\"lazy\" decoding=\"async\" width=\"1024\" height=\"678\" src=\"http:\/\/artymori.com\/wp-content\/uploads\/2024\/09\/DSC0064-1024x678.jpg\" alt=\"\" class=\"wp-image-712\" style=\"width:948px;height:auto\" srcset=\"https:\/\/artymori.com\/wp-content\/uploads\/2024\/09\/DSC0064-1024x678.jpg 1024w, https:\/\/artymori.com\/wp-content\/uploads\/2024\/09\/DSC0064-300x199.jpg 300w, https:\/\/artymori.com\/wp-content\/uploads\/2024\/09\/DSC0064-768x509.jpg 768w, https:\/\/artymori.com\/wp-content\/uploads\/2024\/09\/DSC0064-1536x1017.jpg 1536w, https:\/\/artymori.com\/wp-content\/uploads\/2024\/09\/DSC0064-2048x1356.jpg 2048w\" sizes=\"(max-width: 1024px) 100vw, 1024px\" \/><\/figure>\n\n\n\n<figure class=\"wp-block-image size-large is-resized\"><img loading=\"lazy\" decoding=\"async\" width=\"1024\" height=\"678\" src=\"https:\/\/artymori.com\/wp-content\/uploads\/2024\/09\/DSC0026-1024x678.jpg\" alt=\"\" class=\"wp-image-714\" style=\"width:947px;height:auto\" srcset=\"https:\/\/artymori.com\/wp-content\/uploads\/2024\/09\/DSC0026-1024x678.jpg 1024w, https:\/\/artymori.com\/wp-content\/uploads\/2024\/09\/DSC0026-300x199.jpg 300w, https:\/\/artymori.com\/wp-content\/uploads\/2024\/09\/DSC0026-768x509.jpg 768w, https:\/\/artymori.com\/wp-content\/uploads\/2024\/09\/DSC0026-1536x1017.jpg 1536w, https:\/\/artymori.com\/wp-content\/uploads\/2024\/09\/DSC0026-2048x1356.jpg 2048w\" sizes=\"(max-width: 1024px) 100vw, 1024px\" \/><\/figure>\n\n\n\n<figure class=\"wp-block-image size-large is-resized\"><img loading=\"lazy\" decoding=\"async\" width=\"1024\" height=\"678\" src=\"https:\/\/artymori.com\/wp-content\/uploads\/2024\/09\/DSC0016-1024x678.jpg\" alt=\"\" class=\"wp-image-715\" style=\"width:945px;height:auto\" srcset=\"https:\/\/artymori.com\/wp-content\/uploads\/2024\/09\/DSC0016-1024x678.jpg 1024w, https:\/\/artymori.com\/wp-content\/uploads\/2024\/09\/DSC0016-300x199.jpg 300w, https:\/\/artymori.com\/wp-content\/uploads\/2024\/09\/DSC0016-768x509.jpg 768w, https:\/\/artymori.com\/wp-content\/uploads\/2024\/09\/DSC0016-1536x1017.jpg 1536w, https:\/\/artymori.com\/wp-content\/uploads\/2024\/09\/DSC0016-2048x1356.jpg 2048w\" sizes=\"(max-width: 1024px) 100vw, 1024px\" \/><\/figure>\n\n\n\n<figure class=\"wp-block-image size-large is-resized\"><img loading=\"lazy\" decoding=\"async\" width=\"1024\" height=\"678\" src=\"https:\/\/artymori.com\/wp-content\/uploads\/2024\/09\/DSC0023-1024x678.jpg\" alt=\"\" class=\"wp-image-716\" style=\"width:945px;height:auto\" srcset=\"https:\/\/artymori.com\/wp-content\/uploads\/2024\/09\/DSC0023-1024x678.jpg 1024w, https:\/\/artymori.com\/wp-content\/uploads\/2024\/09\/DSC0023-300x199.jpg 300w, https:\/\/artymori.com\/wp-content\/uploads\/2024\/09\/DSC0023-768x509.jpg 768w, https:\/\/artymori.com\/wp-content\/uploads\/2024\/09\/DSC0023-1536x1017.jpg 1536w, https:\/\/artymori.com\/wp-content\/uploads\/2024\/09\/DSC0023-2048x1356.jpg 2048w\" sizes=\"(max-width: 1024px) 100vw, 1024px\" \/><\/figure>\n\n\n\n<figure class=\"wp-block-image size-large is-resized\"><img loading=\"lazy\" decoding=\"async\" width=\"1024\" height=\"678\" src=\"https:\/\/artymori.com\/wp-content\/uploads\/2024\/09\/DSC0070-1024x678.jpg\" alt=\"\" class=\"wp-image-717\" style=\"width:944px;height:auto\" srcset=\"https:\/\/artymori.com\/wp-content\/uploads\/2024\/09\/DSC0070-1024x678.jpg 1024w, https:\/\/artymori.com\/wp-content\/uploads\/2024\/09\/DSC0070-300x199.jpg 300w, https:\/\/artymori.com\/wp-content\/uploads\/2024\/09\/DSC0070-768x509.jpg 768w, https:\/\/artymori.com\/wp-content\/uploads\/2024\/09\/DSC0070-1536x1017.jpg 1536w, https:\/\/artymori.com\/wp-content\/uploads\/2024\/09\/DSC0070-2048x1356.jpg 2048w\" sizes=\"(max-width: 1024px) 100vw, 1024px\" \/><\/figure>\n\n\n\n<figure class=\"wp-block-image size-large is-resized\"><img loading=\"lazy\" decoding=\"async\" width=\"1024\" height=\"678\" src=\"https:\/\/artymori.com\/wp-content\/uploads\/2024\/09\/DSC0055-1024x678.jpg\" alt=\"\" class=\"wp-image-719\" style=\"width:941px;height:auto\" srcset=\"https:\/\/artymori.com\/wp-content\/uploads\/2024\/09\/DSC0055-1024x678.jpg 1024w, https:\/\/artymori.com\/wp-content\/uploads\/2024\/09\/DSC0055-300x199.jpg 300w, https:\/\/artymori.com\/wp-content\/uploads\/2024\/09\/DSC0055-768x509.jpg 768w, https:\/\/artymori.com\/wp-content\/uploads\/2024\/09\/DSC0055-1536x1017.jpg 1536w, https:\/\/artymori.com\/wp-content\/uploads\/2024\/09\/DSC0055-2048x1356.jpg 2048w\" sizes=\"(max-width: 1024px) 100vw, 1024px\" \/><\/figure>\n\n\n\n<p>.<\/p>\n\n\n\n<div class=\"wp-block-buttons is-layout-flex wp-block-buttons-is-layout-flex\">\n<div class=\"wp-block-button is-style-outline is-style-outline--1\"><a class=\"wp-block-button__link wp-element-button\" href=\"https:\/\/artymori.com\/index.php\/mural\/\">+ de murals<\/a><\/div>\n<\/div>\n\n\n\n<p>.<\/p>\n\n\n\n<div class=\"wp-block-cover alignfull is-light\" style=\"margin-top:0;padding-top:6vw;padding-right:6vw;padding-bottom:6vw;padding-left:6vw\"><span aria-hidden=\"true\" class=\"wp-block-cover__background has-background-dim-100 has-background-dim\" style=\"background-color:#e6e4d3\"><\/span><div class=\"wp-block-cover__inner-container is-layout-flow wp-block-cover-is-layout-flow\">\n<div class=\"wp-block-group is-content-justification-center is-layout-flex wp-container-core-group-is-layout-82565499 wp-block-group-is-layout-flex\">\n<div class=\"wp-block-group alignwide wp-container-content-ceb7f5b3 has-global-padding is-content-justification-left is-layout-constrained wp-container-core-group-is-layout-852f5fc7 wp-block-group-is-layout-constrained\">\n<h2 class=\"wp-block-heading alignwide has-text-align-left has-text-color\" style=\"color:#fafafa;font-size:clamp(50.171px, 3.136rem + ((1vw - 3.2px) * 5.662), 100px);font-style:normal;font-weight:500;line-height:1.1;text-transform:none\">Take a time to dream&#8230;<\/h2>\n\n\n\n<div style=\"height:24px\" aria-hidden=\"true\" class=\"wp-block-spacer\"><\/div>\n\n\n\n<p class=\"has-text-align-left has-contrast-color has-text-color\">Exploring the imagination on your walls<\/p>\n\n\n\n<div style=\"height:60px\" aria-hidden=\"true\" class=\"wp-block-spacer\"><\/div>\n\n\n\n<div class=\"wp-block-buttons is-content-justification-left is-nowrap is-layout-flex wp-container-core-buttons-is-layout-92e17da2 wp-block-buttons-is-layout-flex\">\n<div class=\"wp-block-button has-custom-font-size is-style-fill\" style=\"font-size:clamp(14px, 0.875rem + ((1vw - 3.2px) * 0.227), 16px);font-style:normal;font-weight:500;letter-spacing:0px;text-transform:uppercase\"><a class=\"wp-block-button__link has-base-color has-contrast-background-color has-text-color has-background wp-element-button\" href=\"https:\/\/artymori.com\/index.php\/contact\/\" style=\"border-radius:0px;padding-top:24px;padding-right:48px;padding-bottom:24px;padding-left:48px\">Sign up<\/a><\/div>\n<\/div>\n<\/div>\n\n\n\n<div class=\"wp-block-group is-content-justification-right is-nowrap is-layout-flex wp-container-core-group-is-layout-59a2d94b wp-block-group-is-layout-flex\">\n<div class=\"wp-block-buttons is-layout-flex wp-block-buttons-is-layout-flex\">\n<div class=\"wp-block-button is-style-outline is-style-outline--2\"><a class=\"wp-block-button__link wp-element-button\" href=\"https:\/\/artymori.com\/index.php\/info\/\">bio<\/a><\/div>\n<\/div>\n<\/div>\n<\/div>\n<\/div><\/div>\n","protected":false},"excerpt":{"rendered":"<p>\u00ab\u00a0Plantes Tinctoriales\u00a0\u00bb Dans un salon de coiffure de coloration v\u00e9g\u00e9tale Cuisine&amp;K\u00e9ratine, \u00e0 Nantes, France . .<\/p>\n","protected":false},"author":1,"featured_media":0,"parent":0,"menu_order":0,"comment_status":"closed","ping_status":"closed","template":"","meta":{"footnotes":""},"class_list":["post-629","page","type-page","status-publish","hentry"],"yoast_head":"<!-- This site is optimized with the Yoast SEO plugin v27.4 - https:\/\/yoast.com\/product\/yoast-seo-wordpress\/ -->\n<title>Fresque cuisine et keratine -<\/title>\n<meta name=\"robots\" content=\"index, follow, max-snippet:-1, max-image-preview:large, max-video-preview:-1\" \/>\n<link rel=\"canonical\" href=\"https:\/\/artymori.com\/index.php\/fresque-magnolia\/\" \/>\n<meta property=\"og:locale\" content=\"fr_FR\" \/>\n<meta property=\"og:type\" content=\"article\" \/>\n<meta property=\"og:title\" content=\"Fresque cuisine et keratine -\" \/>\n<meta property=\"og:description\" content=\"\u00ab\u00a0Plantes Tinctoriales\u00a0\u00bb Dans un salon de coiffure de coloration v\u00e9g\u00e9tale Cuisine&amp;K\u00e9ratine, \u00e0 Nantes, France . .\" \/>\n<meta property=\"og:url\" content=\"https:\/\/artymori.com\/index.php\/fresque-magnolia\/\" \/>\n<meta property=\"article:modified_time\" content=\"2024-09-17T10:26:36+00:00\" \/>\n<meta property=\"og:image\" content=\"https:\/\/artymori.com\/wp-content\/uploads\/2024\/09\/DSC0037-1024x678.jpg\" \/>\n<meta name=\"twitter:card\" content=\"summary_large_image\" \/>\n<script type=\"application\/ld+json\" class=\"yoast-schema-graph\">{\"@context\":\"https:\\\/\\\/schema.org\",\"@graph\":[{\"@type\":\"WebPage\",\"@id\":\"https:\\\/\\\/artymori.com\\\/index.php\\\/fresque-magnolia\\\/\",\"url\":\"https:\\\/\\\/artymori.com\\\/index.php\\\/fresque-magnolia\\\/\",\"name\":\"Fresque cuisine et keratine -\",\"isPartOf\":{\"@id\":\"https:\\\/\\\/artymori.com\\\/#website\"},\"primaryImageOfPage\":{\"@id\":\"https:\\\/\\\/artymori.com\\\/index.php\\\/fresque-magnolia\\\/#primaryimage\"},\"image\":{\"@id\":\"https:\\\/\\\/artymori.com\\\/index.php\\\/fresque-magnolia\\\/#primaryimage\"},\"thumbnailUrl\":\"https:\\\/\\\/artymori.com\\\/wp-content\\\/uploads\\\/2024\\\/09\\\/DSC0037-1024x678.jpg\",\"datePublished\":\"2024-09-16T16:50:28+00:00\",\"dateModified\":\"2024-09-17T10:26:36+00:00\",\"breadcrumb\":{\"@id\":\"https:\\\/\\\/artymori.com\\\/index.php\\\/fresque-magnolia\\\/#breadcrumb\"},\"inLanguage\":\"fr-FR\",\"potentialAction\":[{\"@type\":\"ReadAction\",\"target\":[\"https:\\\/\\\/artymori.com\\\/index.php\\\/fresque-magnolia\\\/\"]}]},{\"@type\":\"ImageObject\",\"inLanguage\":\"fr-FR\",\"@id\":\"https:\\\/\\\/artymori.com\\\/index.php\\\/fresque-magnolia\\\/#primaryimage\",\"url\":\"https:\\\/\\\/artymori.com\\\/wp-content\\\/uploads\\\/2024\\\/09\\\/DSC0037-scaled.jpg\",\"contentUrl\":\"https:\\\/\\\/artymori.com\\\/wp-content\\\/uploads\\\/2024\\\/09\\\/DSC0037-scaled.jpg\",\"width\":2560,\"height\":1696,\"caption\":\"2013\"},{\"@type\":\"BreadcrumbList\",\"@id\":\"https:\\\/\\\/artymori.com\\\/index.php\\\/fresque-magnolia\\\/#breadcrumb\",\"itemListElement\":[{\"@type\":\"ListItem\",\"position\":1,\"name\":\"Accueil\",\"item\":\"https:\\\/\\\/artymori.com\\\/\"},{\"@type\":\"ListItem\",\"position\":2,\"name\":\"Fresque cuisine et keratine\"}]},{\"@type\":\"WebSite\",\"@id\":\"https:\\\/\\\/artymori.com\\\/#website\",\"url\":\"https:\\\/\\\/artymori.com\\\/\",\"name\":\"artymori\",\"description\":\"\",\"publisher\":{\"@id\":\"https:\\\/\\\/artymori.com\\\/#\\\/schema\\\/person\\\/4edc9864c875509e3e5cc3c0d5c4296c\"},\"potentialAction\":[{\"@type\":\"SearchAction\",\"target\":{\"@type\":\"EntryPoint\",\"urlTemplate\":\"https:\\\/\\\/artymori.com\\\/?s={search_term_string}\"},\"query-input\":{\"@type\":\"PropertyValueSpecification\",\"valueRequired\":true,\"valueName\":\"search_term_string\"}}],\"inLanguage\":\"fr-FR\"},{\"@type\":[\"Person\",\"Organization\"],\"@id\":\"https:\\\/\\\/artymori.com\\\/#\\\/schema\\\/person\\\/4edc9864c875509e3e5cc3c0d5c4296c\",\"name\":\"admin8128\",\"image\":{\"@type\":\"ImageObject\",\"inLanguage\":\"fr-FR\",\"@id\":\"http:\\\/\\\/artymori.com\\\/wp-content\\\/uploads\\\/2024\\\/05\\\/cropped-image_2024-05-30_231351508.png\",\"url\":\"http:\\\/\\\/artymori.com\\\/wp-content\\\/uploads\\\/2024\\\/05\\\/cropped-image_2024-05-30_231351508.png\",\"contentUrl\":\"http:\\\/\\\/artymori.com\\\/wp-content\\\/uploads\\\/2024\\\/05\\\/cropped-image_2024-05-30_231351508.png\",\"width\":512,\"height\":512,\"caption\":\"admin8128\"},\"logo\":{\"@id\":\"http:\\\/\\\/artymori.com\\\/wp-content\\\/uploads\\\/2024\\\/05\\\/cropped-image_2024-05-30_231351508.png\"},\"sameAs\":[\"http:\\\/\\\/artymori.com\"]}]}<\/script>\n<!-- \/ Yoast SEO plugin. -->","yoast_head_json":{"title":"Fresque cuisine et keratine -","robots":{"index":"index","follow":"follow","max-snippet":"max-snippet:-1","max-image-preview":"max-image-preview:large","max-video-preview":"max-video-preview:-1"},"canonical":"https:\/\/artymori.com\/index.php\/fresque-magnolia\/","og_locale":"fr_FR","og_type":"article","og_title":"Fresque cuisine et keratine -","og_description":"\u00ab\u00a0Plantes Tinctoriales\u00a0\u00bb Dans un salon de coiffure de coloration v\u00e9g\u00e9tale Cuisine&amp;K\u00e9ratine, \u00e0 Nantes, France . .","og_url":"https:\/\/artymori.com\/index.php\/fresque-magnolia\/","article_modified_time":"2024-09-17T10:26:36+00:00","og_image":[{"url":"https:\/\/artymori.com\/wp-content\/uploads\/2024\/09\/DSC0037-1024x678.jpg","type":"","width":"","height":""}],"twitter_card":"summary_large_image","schema":{"@context":"https:\/\/schema.org","@graph":[{"@type":"WebPage","@id":"https:\/\/artymori.com\/index.php\/fresque-magnolia\/","url":"https:\/\/artymori.com\/index.php\/fresque-magnolia\/","name":"Fresque cuisine et keratine -","isPartOf":{"@id":"https:\/\/artymori.com\/#website"},"primaryImageOfPage":{"@id":"https:\/\/artymori.com\/index.php\/fresque-magnolia\/#primaryimage"},"image":{"@id":"https:\/\/artymori.com\/index.php\/fresque-magnolia\/#primaryimage"},"thumbnailUrl":"https:\/\/artymori.com\/wp-content\/uploads\/2024\/09\/DSC0037-1024x678.jpg","datePublished":"2024-09-16T16:50:28+00:00","dateModified":"2024-09-17T10:26:36+00:00","breadcrumb":{"@id":"https:\/\/artymori.com\/index.php\/fresque-magnolia\/#breadcrumb"},"inLanguage":"fr-FR","potentialAction":[{"@type":"ReadAction","target":["https:\/\/artymori.com\/index.php\/fresque-magnolia\/"]}]},{"@type":"ImageObject","inLanguage":"fr-FR","@id":"https:\/\/artymori.com\/index.php\/fresque-magnolia\/#primaryimage","url":"https:\/\/artymori.com\/wp-content\/uploads\/2024\/09\/DSC0037-scaled.jpg","contentUrl":"https:\/\/artymori.com\/wp-content\/uploads\/2024\/09\/DSC0037-scaled.jpg","width":2560,"height":1696,"caption":"2013"},{"@type":"BreadcrumbList","@id":"https:\/\/artymori.com\/index.php\/fresque-magnolia\/#breadcrumb","itemListElement":[{"@type":"ListItem","position":1,"name":"Accueil","item":"https:\/\/artymori.com\/"},{"@type":"ListItem","position":2,"name":"Fresque cuisine et keratine"}]},{"@type":"WebSite","@id":"https:\/\/artymori.com\/#website","url":"https:\/\/artymori.com\/","name":"artymori","description":"","publisher":{"@id":"https:\/\/artymori.com\/#\/schema\/person\/4edc9864c875509e3e5cc3c0d5c4296c"},"potentialAction":[{"@type":"SearchAction","target":{"@type":"EntryPoint","urlTemplate":"https:\/\/artymori.com\/?s={search_term_string}"},"query-input":{"@type":"PropertyValueSpecification","valueRequired":true,"valueName":"search_term_string"}}],"inLanguage":"fr-FR"},{"@type":["Person","Organization"],"@id":"https:\/\/artymori.com\/#\/schema\/person\/4edc9864c875509e3e5cc3c0d5c4296c","name":"admin8128","image":{"@type":"ImageObject","inLanguage":"fr-FR","@id":"http:\/\/artymori.com\/wp-content\/uploads\/2024\/05\/cropped-image_2024-05-30_231351508.png","url":"http:\/\/artymori.com\/wp-content\/uploads\/2024\/05\/cropped-image_2024-05-30_231351508.png","contentUrl":"http:\/\/artymori.com\/wp-content\/uploads\/2024\/05\/cropped-image_2024-05-30_231351508.png","width":512,"height":512,"caption":"admin8128"},"logo":{"@id":"http:\/\/artymori.com\/wp-content\/uploads\/2024\/05\/cropped-image_2024-05-30_231351508.png"},"sameAs":["http:\/\/artymori.com"]}]}},"_links":{"self":[{"href":"https:\/\/artymori.com\/index.php\/wp-json\/wp\/v2\/pages\/629","targetHints":{"allow":["GET"]}}],"collection":[{"href":"https:\/\/artymori.com\/index.php\/wp-json\/wp\/v2\/pages"}],"about":[{"href":"https:\/\/artymori.com\/index.php\/wp-json\/wp\/v2\/types\/page"}],"author":[{"embeddable":true,"href":"https:\/\/artymori.com\/index.php\/wp-json\/wp\/v2\/users\/1"}],"replies":[{"embeddable":true,"href":"https:\/\/artymori.com\/index.php\/wp-json\/wp\/v2\/comments?post=629"}],"version-history":[{"count":13,"href":"https:\/\/artymori.com\/index.php\/wp-json\/wp\/v2\/pages\/629\/revisions"}],"predecessor-version":[{"id":855,"href":"https:\/\/artymori.com\/index.php\/wp-json\/wp\/v2\/pages\/629\/revisions\/855"}],"wp:attachment":[{"href":"https:\/\/artymori.com\/index.php\/wp-json\/wp\/v2\/media?parent=629"}],"curies":[{"name":"wp","href":"https:\/\/api.w.org\/{rel}","templated":true}]}}